1368. Let p = i + -312. What is the greatest common factor of 9 and p?
9
Let k(q) = 21*q**2 - q. Let j be k(-1). Suppose 165861*y - 166186*y + 103675 = 0. What is the greatest common divisor of y and j?
11
Let a(m) = m**3 - 2*m**2 - m + 21. Let u be a(0). Let i = 559 + -503. What is the highest common divisor of u and i?
7
Suppose 4*j - 2*q - 12 = -4*q, 2*j - 5*q - 30 = 0. Suppose 6 = 7*s - j*s. Suppose t - s = 1. What is the greatest common factor of 6 and t?
2
Suppose -22582*x = -22614*x + 990080. Calculate the highest common factor of x and 10.
10
Let w(k) = -72*k**3 - 15*k**2 - 36*k - 8. Let o be w(-2). Calculate the highest common factor of o and 1595.
145
Let u be (134/(-6) + -2)*3. Let l = u - -177. Let j(d) = -4*d**2 + 34*d + 123. Let q be j(11). Calculate the greatest common factor of q and l.
13
Suppose 2*q = -v + 25, 3*q - 3*v - 12 = 3. Let o = -110 - -113. Let k be -3 + 9 - (1 - (2 + o)). What is the greatest common factor of k and q?
10
Let j be 18/441*7 + (-19)/(-7). Let y be 15/j*(-88)/(-55). What is the greatest common factor of 4 and y?
4
Let k = 4996 - 4960. Let h = -7 - -97. Calculate the highest common divisor of h and k.
18
Let a = -97 - -53. Let c = a + 53. Let y be -25*(6/c + (-10)/6). What is the highest common divisor of y and 5?
5
Suppose -8*z + 4*z + 4*r + 20 = 0, -4*z = r + 5. Suppose 3*u - 2*f - 166 = z, u - 6*u - 5*f + 285 = 0. Calculate the highest common factor of 1624 and u.
56
Suppose 4*g - 2475 = 12*g - 2731. Suppose -3*p = -p - 96. Calculate the greatest common divisor of g and p.
16
Suppose 22*s + 1085 = 17*s. Let o = s + 226. What is the greatest common divisor of 225 and o?
9
Suppose 18*g - 16*g = 8. Suppose -k - 5*f = -0*f - 32, -g*k - f + 52 = 0. Suppose 0 = -4*j + 209 - 17. What is the highest common factor of k and j?
12
Let j = -24867 + 33031. Calculate the highest common factor of j and 156.
52
Let b = 682 - 862. Let o = b + 228. Calculate the greatest common factor of 176 and o.
16
Suppose -4*y = -3*a + 2*a + 21, 2*a = y + 28. Suppose 4*x - d - 27 = -6*d, 3*d = -2*x + a. Let z = 5 + -4. What is the greatest common factor of z and x?
1
Suppose -5*l + 5*y = -l - 11, 5 = l - 2*y. Let j be (-328)/(-32) + l/4. Let p be (-51)/(-2) + (-5)/j. Calculate the highest common divisor of 250 and p.
25
Suppose 2*t - 22 = -s - 0*t, -4*s = t - 123. What is the highest common factor of 24 and s?
8
Suppose -a + 155 = 3*o, -4*a - 250 = -4*o - 38. Let w be 14/6*(o - 49). Let i be 50/1 + (-2 - -1). What is the greatest common factor of i and w?
7
Suppose 5*o = 4*o - 4*a + 56, -3*a + 845 = 19*o. What is the highest common factor of o and 6028?
44
Let o = -275 + 274. Let f be 33/(6 + o*68/12). Calculate the highest common divisor of f and 36.
9
Suppose 16*x - 28 = 15*x. Let q(g) = g**2 + 21*g - 76. Let z be q(-33). Suppose 315*p - z*p = -980. What is the greatest common factor of p and x?
28
Suppose 0 = -6*w + 3*w - 5*c + 17, 3*w + c - 25 = 0. Let j be 1 + -1 + w + (-175)/(-5). What is the greatest common factor of j and 11?
11
Suppose 26*b + d = 30*b - 444, 4*b + 4*d - 424 = 0. What is the greatest common factor of 70 and b?
10
Let t be 299 - ((-4)/1 + -12). Calculate the greatest common divisor of 301 and t.
7
Let n be (-35)/20 - -2 - 93/(-12). Suppose -16*g + 19*g + 5 = -x, 4*x - n = 2*g. Let b be -1 + 3*4/3. Calculate the greatest common factor of b and x.
1
Let p = 9253 - 9247. Suppose -123 = -4*l + 285. What is the greatest common divisor of p and l?
6
Let i = -7793 + 7795. What is the highest common divisor of 2458 and i?
2
Suppose -2*h - 4*p = -0*h - 74, -4*p = 3*h - 117. Suppose -2050 = h*g - 45*g. Suppose 0 = 11*c - 1153 - g. Calculate the greatest common factor of c and 18.
18
Let w = 460 + 959. What is the highest common factor of w and 99?
33
Suppose -12133 = 4*o + 20099. Let u be 4/34 - o/289. Let j be 6*5*u/6. What is the highest common divisor of j and 20?
20
Let o be (-19)/(171/36) - (-240)/2. Suppose -5*u = -4*j - o, -4*u + 2*j = -64 - 30. What is the highest common divisor of u and 888?
24
Suppose 2*f - 310 = f. Let i = 1674 + -1504. Suppose -126*j - 1364 = -i*j. Calculate the greatest common divisor of f and j.
31
Let r(a) = 33 + 3*a + 5 + a. Suppose -82*p - 95*p + 2655 = 0. Let x be r(p). Calculate the highest common divisor of x and 14.
14
Let x be -18128*(-2)/(-3)*(-3)/2. Suppose -27*l + 11*l + x = 0. What is the greatest common factor of 103 and l?
103
Let f be ((-1806)/4)/(42 - (-1914)/(-44)). What is the highest common divisor of 215 and f?
43
Let n(w) = w**3 - 16*w**2 + 17*w + 16. Let q be n(15). Let k(m) = 62 - 5*m**2 - 101 + m**3 + q. Let g be k(5). What is the greatest common divisor of 77 and g?
7
Let t be (10 - (2 - 0))/((10/(-1))/(-5)). Calculate the greatest common divisor of 125 and t.
1
Let i be 1253 - ((-18)/21)/((-15)/105). Calculate the highest common factor of i and 58.
29
Let t(d) = -d**3 - d**2 - 4. Let s be t(0). Let n(i) = 148*i - 343. Let c be n(3). Let v = c - s. What is the greatest common factor of 21 and v?
21
Let s(u) = 2*u**3 + 19*u**2 - 93*u - 13. Let t be s(5). Calculate the greatest common divisor of t and 285.
19
Let a = 110 + -110. Suppose a = 20*o - 21*o + 198. Calculate the highest common factor of o and 18.
18
Let k be 2/(2 - (-16)/(-12)). Suppose -4*s = -k*s - 14. Let u be (-40)/s*70/(-4). What is the highest common factor of 10 and u?
10
Let o(m) = 2*m**2 + 6*m - 15. Let i be o(-5). Let j(c) = 74*c - 9. Let s be j(i). Calculate the greatest common divisor of s and 19.
19
Suppose -c + 910 = -0*c + 9*c. What is the greatest common factor of 2483 and c?
13
Suppose 21*u - 16*u - 5*v = 1240, v = 4*u - 1007. What is the greatest common divisor of 1127 and u?
23
Let j(k) = -7*k - 3. Let q be (-1 + -2)*(-2 + 91/21). Let x be j(q). Let a = -41 + x. What is the greatest common divisor of 35 and a?
5
Let u = 28181 - 23281. What is the highest common divisor of u and 800?
100
Suppose 0 = -3*u + 3, 128*w + 2*u - 18 = 127*w. Let f be -1 - -17 - (1 - 1). Calculate the greatest common factor of w and f.
16
Let t = -37099 + 37100. Suppose s + 1 = 2. Calculate the highest common factor of s and t.
1
Suppose -12 = 3*a + a, 4*a - 84 = s. Suppose 51*k + 7375 = -989. Let b = s - k. Calculate the greatest common divisor of 17 and b.
17
Let o(l) = 10*l + 75. Let t be o(6). Suppose 9*d - t = 153. What is the highest common factor of d and 8?
8
Suppose -69*d = -5626 - 6104. What is the greatest common divisor of d and 150?
10
Suppose 6*q = 5*q + 109. Let s = 181 - q. Let d be ((36/10)/(-3))/(18/(-120)). Calculate the highest common divisor of d and s.
8
Suppose 0 = -2*u - 44*u + 119370. Calculate the greatest common factor of 60 and u.
15
Let o(r) = -r**3 - 40*r**2 - 35*r + 172. Let s be o(-39). Suppose -14*m = -13*m - s. Calculate the greatest common divisor of m and 944.
16
Let l(h) = -h - 2. Let i be l(6). Let k = -12 - i. Let s = 18 + k. What is the greatest common factor of 154 and s?
14
Let u(z) = 135*z**3 - 136*z**3 + 9*z**2 + 5*z + 18 - 5*z. Let w be u(9). What is the highest common factor of 117 and w?
9
Suppose 3*x - 2*c + 0*c = 1163, 0 = -x - 4*c + 369. Suppose 0 = -8*y + x + 255. Calculate the greatest common divisor of 16 and y.
16
Suppose 4841 = 5*t - q, -3*t - 3*q = 1309 - 4228. Let s(u) = -u**3 + 22*u**2 + 115*u + 14. Let g be s(-5). What is the highest common factor of t and g?
57
Let z = 191 - 185. Suppose -5*r = -2*x + z*x - 45, -2*r - 4*x + 30 = 0. Calculate the highest common divisor of 135 and r.
5
Let c be (4/6)/(17/4029). Let l = c + -80. Suppose 0 = -6*r + l + 12. What is the greatest common divisor of 75 and r?
15
Let k(v) = v**3 - 5*v**2 + 3*v + 3. Suppose -8*m + 5*m + 102 = 0. Let x be (-783)/(-153) - 4/m. Let y be k(x). Calculate the greatest common factor of 18 and y.
18
Let y(h) = 3*h + 2*h - h - 2*h + 104. Let n be y(-28). What is the highest common divisor of n and 12?
12
Let u(i) = -57*i + 4021. Let v be u(70). Let w(g) = -21*g**3 - 3*g**2 + 4*g - 1. Let o be w(-3). Calculate the highest common factor of o and v.
31
Let y be (-3938)/(-18) + -2 + 40/18. Suppose 381*l - 929 = 1357. Calculate the greatest common factor of y and l.
3
Let j = 8385 - 8363. Calculate the greatest common divisor of j and 4367.
11
Let h be (-386)/(-4) + 1/(-2). Suppose 214*i